e i(-76).
9
Let p(v) = -400*v + 6796. What is p(17)?
-4
Let g(b) = 4*b**2 - 292*b + 1443. What is g(5)?
83
Let m(x) = -x**3 + 31*x**2 + 66*x - 1. What is m(33)?
-1
Let t(k) = 5*k**2 - 34*k + 93. Calculate t(9).
192
Let o(k) = -173*k - 583. What is o(-6)?
455
Let g(v) = v**3 - 25*v**2 + 154*v - 12. Determine g(11).
-12
Let a(n) = -61*n + 1065. Give a(17).
28
Let u(v) = -331*v - 1002. Determine u(-3).
-9
Let p(s) = 10*s - 140. What is p(12)?
-20
Let y(x) = -2*x**3 + 21*x**2 - 28*x + 10. What is y(9)?
1
Let g(x) = 7*x**3 + 51*x**2 - 12*x - 17. Determine g(-7).
165
Let u(r) = -r**3 + 2*r**2 + 7*r - 6. Give u(3).
6
Let m(c) = c**3 + 21*c**2 + 18*c - 834. Calculate m(-17).
16
Let f(u) = 4*u**2 + 155*u + 1512. Give f(-20).
12
Let g(j) = 2*j**3 - 8*j**2 + 8*j - 8. Give g(5).
82
Let p(a) = -2*a**2 + 111*a - 162. Calculate p(53).
103
Let l(x) = -42*x - 536. Calculate l(-14).
52
Let i(s) = -3*s**3 - 7*s**2 - 80*s - 74. Give i(-1).
2
Let d(l) = -l**2 - 27*l - 47. Determine d(-26).
-21
Let v(u) = 4*u**3 - 52*u**2 + u + 41. Determine v(13).
54
Let x(p) = -p**2 + 457*p - 15554. Calculate x(37).
-14
Let o(w) = w**2 + 39*w - 430. Determine o(-48).
2
Let k(q) = -q**2 + 66*q + 4701. Give k(109).
14
Let j(p) = 7*p + 210. Give j(-26).
28
Let w(u) = u**3 + 2*u**2 - 11. What is w(-6)?
-155
Let w(d) = -d**3 + 109*d**2 - d + 79. What is w(109)?
-30
Let x(t) = t**3 + 28*t**2 + 59*t + 176. Determine x(-26).
-6
Let x(b) = 30*b + 18. What is x(-1)?
-12
Let h(y) = 2*y**2 - 1556*y - 10978. Calculate h(-7).
12
Let t(w) = 20*w**3 + w**2 - 25*w - 25. Calculate t(-1).
-19
Let c(k) = 13*k**2 + 2143*k - 2498. Determine c(-166).
-8
Let w(l) = -2*l**2 - 54*l + 395. Determine w(6).
-1
Let z(l) = -3*l**3 - 14*l**2 + 466*l + 1442. What is z(-3)?
-1
Let w(o) = o**3 - 6*o**2 - 43*o + 208. Calculate w(4).
4
Let a(r) = 7*r**2 - 38*r + 101. Give a(3).
50
Let u(f) = 4*f + 261. Give u(-66).
-3
Let n(l) = -l**2 + 110*l - 624. Give n(6).
0
Let d(c) = -c**2 + 295*c + 13024. Give d(-39).
-2
Let v(g) = g**3 - 21*g**2 + 2*g + 50. Give v(8).
-766
Let f(d) = 18*d**2 - 534*d - 732. Calculate f(31).
12
Let t(g) = -3*g**2 + 178*g - 349. Calculate t(57).
50
Let g(f) = f**2 - 17*f + 49. What is g(21)?
133
Let d(m) = m**3 - 2*m**2 - 30*m + 108. Calculate d(0).
108
Let d(y) = 4*y**2 - 30*y - 226. Determine d(10).
-126
Let g(p) = -5*p**2 + 63*p + 103. Give g(14).
5
Let y(h) = -h**3 + 50*h**2 + 279*h - 3403. Determine y(54).
-1
Let g(l) = -l**3 - 42*l**2 - 422*l + 180. What is g(-18)?
0
Let c(s) = -s**3 - 83*s**2 - 386*s + 223. Give c(-78).
-89
Let r(h) = 4*h**3 + 256*h**2 + 255*h + 162. Calculate r(-63).
-27
Let u(z) = z**3 - 11*z**2 + 28*z - 270. Calculate u(11).
38
Let s(l) = -l**3 + 11*l**2 - 2*l - 19. Determine s(11).
-41
Let j(s) = -s**2 + 21*s + 372. What is j(-13)?
-70
Let y(l) = 12*l**2 - 70*l - 25. Determine y(6).
-13
Let g(k) = 2*k**3 + 113*k**2 + 653*k + 147. What is g(-50)?
-3
Let m(w) = 6*w**2 + 8*w + 55. Calculate m(-6).
223
Let y(c) = -c**3 + c**2 - 48*c + 157. Calculate y(3).
-5
Let a(p) = -102*p - 6761. Give a(-67).
73
Let v(y) = -y**3 - 53*y**2 - 706*y - 127. Determine v(-27).
-19
Let x(v) = v**3 + 12*v**2 + 47*v + 7. Give x(-6).
-59
Let z(v) = 4*v - 155. Calculate z(39).
1
Let g(o) = 2*o**2 - 29*o - 223. Determine g(-7).
78
Let a(m) = -141*m + 654. Calculate a(8).
-474
Let g(m) = -m**2 + 42*m - 305. Determine g(12).
55
Let h(x) = -5*x**2 + 157*x - 49. What is h(28)?
427
Let v(x) = x**3 + 59*x**2 - 24*x + 2162. What is v(-60)?
2
Let w(r) = 13*r**2 + 2333*r - 1260. What is w(-180)?
0
Let i(f) = 3*f**2 + 227*f - 1297. Give i(-81).
-1
Let p(w) = 4*w**3 + 10*w + 41. Calculate p(-4).
-255
Let u(q) = -20883*q + 62632. Give u(3).
-17
Let f(s) = s**3 + 15*s**2 - 5*s + 174. Give f(-16).
-2
Let z(h) = 3*h**3 - 47*h**2 + 75*h - 28. Determine z(14).
42
Let d(u) = -3*u**2 + 40*u - 158. Calculate d(6).
-26
Let c(v) = -v**2 + 44*v - 4. Determine c(44).
-4
Let u(o) = o + 9. What is u(-20)?
-11
Let w(b) = -2*b**3 - 10*b**2 - 2*b + 18. Determine w(-3).
-12
Let s(x) = -3*x**3 + 18*x**2 - 3*x + 6. Determine s(6).
-12
Let i(a) = -7*a**3 - 5*a**2 - 4*a - 7. Determine i(-2).
37
Let k(r) = 14*r**2 + 2844*r - 2444. Calculate k(-204).
4
Let t(x) = 19*x - 729. Determine t(11).
-520
Let g(u) = -7*u**2 - 73*u + 63. Calculate g(-11).
19
Let v(u) = u**3 - 17*u**2 + 18*u + 26. Give v(16).
58
Let q(i) = -351*i + 20740. Determine q(59).
31
Let v(z) = z**3 - 15*z**2 - 33*z + 21. Calculate v(18).
399
Let j(s) = 2*s**2 + 579*s - 9778. Calculate j(16).
-2
Let z(m) = 26*m - 756. Determine z(30).
24
Let k(q) = -97*q - 4265. Give k(-44).
3
Let h(f) = -f**3 - 11*f**2 + 21*f - 19. Give h(-11).
-250
Let f(y) = 95*y - 654. Give f(7).
11
Let j(q) = 11*q**3 - 162*q**2 - 44*q - 23. Give j(15).
-8
Let f(i) = -17*i**2 + 2191*i + 243. Give f(129).
-15
Let x(j) = -8*j**2 - 26*j - 93. Give x(-6).
-225
Let v(q) = -6*q**2 - 78*q + 237. Determine v(3).
-51
Let j(h) = -h**3 + 24*h**2 + 15*h - 65. Give j(25).
-315
Let s(w) = w**3 - 15*w**2 + 22*w - 10. Calculate s(9).
-298
Let n(g) = g**2 - 4*g - 128. Determine n(-19).
309
Let u(d) = -2564*d - 10261. Calculate u(-4).
-5
Let b(a) = 136*a + 537. Give b(-4).
-7
Let o(b) = -682*b + 2732. Calculate o(4).
4
Let p(a) = -110*a + 200. Determine p(2).
-20
Let b(g) = -43*g - 93. Give b(-2).
-7
Let s(r) = -r**3 - 39*r**2 + 84*r + 99. Give s(-41).
17
Let k(p) = -p**3 - 10*p**2 + 41*p - 5. Give k(-13).
-31
Let f(i) = -63*i - 254. Give f(-4).
-2
Let p(j) = -j**3 - 134*j**2 - j - 131. Determine p(-134).
3
Let w(c) = -8*c**2 - 18*c - 18. Give w(-1).
-8
Let n(t) = -2*t**2 + 62*t + 364. Calculate n(-6).
-80
Let t(x) = -x**2 + 47*x + 224. Give t(-9).
-280
Let j(c) = 4*c**2 - 23*c - 21. Calculate j(15).
534
Let z(w) = -w**3 + 5*w**2 + 69*w + 114. Give z(-2).
4
Let d(x) = 573*x - 3427. Give d(6).
11
Let m(v) = 139*v - 3606. Give m(26).
8
Let u(f) = -f**3 + 6*f**2 + 11*f - 39. Give u(4).
37
Let a(h) = h**2 + 424*h - 10767. Determine a(24).
-15
Let s(v) = -v**3 - 61*v**2 - 125*v - 337. Give s(-59).
76
Let o(y) = 4*y**2 - 141*y - 760. What is o(-5)?
45
Let p(n) = 6*n**3 + 5*n**2 + n + 9. Calculate p(-3).
-111
Let v(f) = -f**3 + 14*f**2 - 12*f - 5. What is v(13)?
8
Let j(x) = -88*x**2 + 40*x - 6. Determine j(3).
-678
Let o(p) = -6*p + 204. What is o(34)?
0
Let y(a) = 2*a**2 - 77*a + 7. Calculate y(20).
-733
Let j(l) = 2*l**2 - 20*l + 54. What is j(10)?
54
Let i(o) = 2*o**2 + 120*o - 499. What is i(4)?
13
Let m(g) = -g**2 - 23*g - 415. What is m(0)?
-415
Let k(r) = r**3 + 47*r**2 + 212*r - 72. Give k(-42).
-156
Let v(u) = 44*u + 1404. What is v(-32)?
-4
Let n(k) = 3*k**2 - 27*k + 141. What is n(9)?
141
Let f(q) = 1244*q - 6221. Calculate f(5).
-1
Let t(c) = 3096*c - 37161. Determine t(12).
-9
Let c(i) = -i**3 + 43*i**2 - 42*i + 96. Calculate c(42).
96
Let u(v) = 351*v + 374. Determine u(-1).
23
Let g(l) = 11*l + 326. Determine g(-25).
51
Let p(j) = 3*j**3 + 31*j**2 + 9*j + 345. Determine p(-11).
4
Let s(n) = 8*n**3 + 192*n**2 - 2*n - 43. Give s(-24).
5
Let l(s) = s**3 - 11*s**2 - 15*s + 307. Determine l(9).
10
Let x(k) = -2*k**2 - 14*k + 18. Give x(6).
-138
Let v(k) = -40*k - 443. Give v(-11).
-3
Let i(f) = -194*f**2 + 198*f - 1. Determine i(1).
3
Let b(q) = -115*q + 1356. Calculate b(12).
-24
Let m(u) = u**2 + 90*u - 4202. What is m(-124)?
14
Let c(f) = 80*f**2 - 10*f + 53. Give c(3).
743
Let m(h) = h**3 + 12*h**2 - 31*h - 338. What is m(-9)?
184
Let o(d) = -4*d**3 + 10*d**2 - 15*d - 49. Give o(-3).
194
Let l(p) = p**2 + 1158*p + 9211. Determine l(-8).
11
Let z(a) = -16*a**2 + 2*a - 3. Calculate z(-2).
-71
Let i(y) = 3*y**2 + 437*y - 1041. Calculate i(-148).
-5
Let u(t) = t**3 - 58*t**2 + 739*t + 79. Determine u(39).
1
Let f(c) = 560*c**2 + 12318*c - 37. Give f(-22).
7
Let n(a) = a + 320. What is n(-105)?
215
Let d(x) = 10*x + 1170. What is d(-78)?
390
Let l(u) = -607*u - 555. Give l(-1).
52
Let b(q) = 1709*q - 22218. Calculate b(13).
-1
Let r(v) = -170*v**3 - v**2 + v - 1. Calculate r(1).
-171
Let u(v) = 1995*v - 231420. Give u(116).
0
Let r(i) = -120*i - 24976. What is r(-208)?
-16
Let y(f) = -f**3 - 108*f**2 - 320*f - 551. Determine y(-105).
-26
Let a(i) = -1122*i - 13482. What is a(-12)?
-18
Let f(x) = 123*x + 11. Give f(0).
11
Let l(i) = 3*i**3 - i**2 - 13. Give l(6).
599
Let m(g) = -14*g**3 + 3*g**2 + 22*g - 13